z and 6?
2
Let z(r) = -r + 20. Let w = -7 + 16. Let f be z(w). What is the highest common factor of 55 and f?
11
Suppose 5*i - 15 = 40. What is the greatest common factor of 44 and i?
11
Let v = 20 + -14. Suppose -2*j + 6 = j. Suppose 0 = 3*a - j*a - 18. What is the highest common factor of v and a?
6
Let q = 38 - 35. Calculate the greatest common factor of 1 and q.
1
Let k(l) = l**2 + 4*l - 3. Let u be k(-7). What is the greatest common divisor of u and 198?
18
Let b = -1 - -4. Let a = b - 1. Calculate the greatest common divisor of 16 and a.
2
Let b be (-3)/9 + 407/(-3). Let g = -81 - b. Calculate the highest common factor of g and 5.
5
Suppose 6*s = s + 300. What is the highest common factor of 90 and s?
30
Let y be (-2 + -7)*(-4)/6. Suppose -3*z + 32 = -z + 5*r, -2*z + r = -20. Let s = z - 7. Calculate the highest common factor of y and s.
2
Let q(o) = 4*o + 3. Let b be q(3). Let s = 21 - b. Let t(w) = -w**2 + 10*w + 3. Let i be t(7). What is the greatest common divisor of i and s?
6
Let w = 5 + 6. Let c be (w + -1)*(-6)/(-4). Suppose 4*j - 225 = -j. What is the highest common divisor of c and j?
15
Let a(y) = 2*y**2 + 11*y - 8. Let s be a(-7). Calculate the greatest common factor of 26 and s.
13
Suppose 3*f - 57 = -4*p + p, -3*p - f = -55. Let s be (-944)/(-3)*(-6)/(-4). Let n be s/p + (-4)/18. What is the greatest common factor of 13 and n?
13
Let f = -4 + 3. Let d(n) = -9*n + 1. Let r be d(f). Let t be 5/r - 2/(-4). What is the greatest common divisor of t and 11?
1
Let y(l) = l - 5. Let o be y(6). Suppose -v + 5*d = 1 + o, 4*d = -4*v + 40. Calculate the greatest common factor of v and 1.
1
Let m(g) = -g**3 + 3*g**2 - 2*g + 1. Let y be m(1). Let q = 21 + -20. What is the highest common factor of y and q?
1
Suppose -5*z + 23 = -12. Let g be 8/(-12) + 182/3. Suppose -4*p + g + 192 = 0. Calculate the highest common factor of z and p.
7
Let v be ((-12)/(-8))/((-6)/(-20)). Suppose 2*p - 4*p = -2*j + 166, 2*p - 422 = -v*j. What is the highest common divisor of j and 12?
12
Let d = -4 - 0. Let r = 3 + d. Let a be r*(1 - 35)/2. What is the greatest common factor of 17 and a?
17
Let i = 17 - -15. Calculate the greatest common divisor of 352 and i.
32
Let d(l) = -l + 2. Let c be d(-2). Let i(k) = -k**3 + 5*k**2 - 8*k + 4. Let y be i(5). Let w = 72 + y. What is the greatest common factor of c and w?
4
Let b = 14 + -8. Suppose -h - 152 = -2*x, 3*h - 156 = -2*x + b*h. Let n = -33 + x. What is the highest common factor of n and 6?
6
Let w(c) = 2*c**2 - 2*c - 5. Let x be (-102)/17*1/(-2). Let l be w(x). What is the greatest common factor of l and 7?
7
Let l(h) = -h**2 + 15*h - 15. Let f be l(12). Let o be 1 - 4*3/(-6). What is the highest common factor of o and f?
3
Let d(p) = p - 4. Let b be d(8). Suppose -b*x = -4*u + 72, -2*x + 5*x + 9 = 0. Calculate the highest common divisor of u and 30.
15
Suppose i + 2*i - 30 = n, 4*i + 5*n - 21 = 0. Suppose -2*j + 18 = 3*w, 4*j - 3 = i. Calculate the greatest common divisor of w and 32.
4
Suppose 12*d + 4 = 14*d. Suppose 5*l + 8*v = 4*v + 51, -d*v + 20 = 2*l. What is the highest common divisor of l and 88?
11
Suppose a + 176 = 3*a. Let u be 6*(1/3 - -1). What is the highest common divisor of a and u?
8
Suppose 4*t + 0*q - 280 = 4*q, 4*t = -2*q + 310. What is the highest common divisor of t and 30?
15
Let u = 118 + -100. Calculate the highest common factor of u and 162.
18
Suppose -3*m + 4*s + 0*s + 28 = 0, 9 = m - s. Suppose -5*a = 2*v - 11, -a - 14 = 3*v - m*v. What is the highest common factor of 27 and v?
3
Let v(o) = 2*o**2 + 21*o + 1. Let j be v(-12). What is the highest common divisor of j and 333?
37
Let c be (3 + -33)*(-3)/2. What is the highest common divisor of 10 and c?
5
Let c(g) = -g**2 - 4 - 5 + 3 - 8*g + 2. Let z be c(-5). What is the highest common factor of 88 and z?
11
Let n = -87 + 33. Let u = -24 - n. Suppose y = -3 + 15. Calculate the greatest common factor of u and y.
6
Suppose -4*h = -0*h - 2556. Let m be (-2)/4 - h/(-18). Calculate the highest common divisor of m and 7.
7
Suppose -5*n - s + 20 = -9, 0 = -n + 2*s - 3. Suppose 6 = -0*l + 2*l. Suppose -2*m + l = m. Calculate the greatest common divisor of n and m.
1
Let v(d) = d - 1. Let t be v(4). Let c = 10 - t. Suppose -j = -a - 2, j - 7 = -j + 5*a. What is the greatest common divisor of j and c?
1
Let t(g) = -g. Let a be t(-5). Suppose a*v + 10 = -5, 90 = 3*w - 4*v. What is the highest common divisor of w and 13?
13
Let k be (-4)/18 - (-821)/9. Let l = k - 27. What is the highest common factor of 8 and l?
8
Let w(j) be the third derivative of j**5/12 - j**4/24 + 3*j**2. Let m be w(2). What is the greatest common divisor of 6 and m?
6
Suppose 5*a = -24 + 199. What is the greatest common factor of 385 and a?
35
Suppose -20 = -5*f - 5*s, -6*s + 4*s + 12 = 3*f. Suppose 4*n + 5*y = 23, 2*n + f*y - 6 = 5*n. Calculate the greatest common factor of 14 and n.
2
Suppose -4*b - 1 + 33 = 0. What is the greatest common divisor of b and 2?
2
Let y be (-16 + 4 + -2)*-1. Suppose 0 = -2*b - 0*b + 38. Suppose -b - y = -3*a. Calculate the greatest common factor of a and 22.
11
Let v(r) = r - 10. Let h be v(7). Let p(u) = -3 + 4 + 3 - 8*u. Let k be p(h). What is the highest common divisor of k and 4?
4
Let o be (9/(-12))/(1/(-4)). Calculate the greatest common divisor of o and 9.
3
Suppose -28 = -0*n + 4*n. Let a = n + 25. Calculate the highest common factor of 126 and a.
18
Suppose 0 = 3*v, 4*x + x + 3*v = 240. Let c = 81 - 57. Calculate the highest common factor of c and x.
24
Suppose -4*o + 137 + 23 = 2*w, 2*o - 3*w = 64. Suppose 2*t = 2*c + o, 3*t - 28 = 2*t - 2*c. What is the greatest common divisor of t and 11?
11
Suppose -10*k + 44 + 16 = 0. Let m be (-3)/(3/2)*-9. Calculate the highest common divisor of m and k.
6
Suppose 3*i - 5*u = 35, -4*u = i - 8*u. Calculate the highest common divisor of i and 30.
10
Let j be 1 - (-1*2)/(-2). Suppose 4*l - 68 = -j*l. Suppose -23 + 159 = 2*o. What is the highest common factor of l and o?
17
Suppose -99 = 2*g - 5*g. Calculate the highest common factor of g and 297.
33
Suppose -40 = x + 5*w, -2*w = -x + w. Let r = -5 - x. What is the highest common factor of r and 80?
10
Let t be (1*3)/(1/10). Let h be (-2)/(3 - (-20)/(-6)). What is the greatest common factor of h and t?
6
Let k be (-10)/(-14) - (-4)/14. Let i be -2*(k + 6/(-1)). Suppose 3*r + 2*m - i = r, 5*r - 60 = 2*m. Calculate the greatest common divisor of r and 25.
5
Let i be (-3 + 5)*(12 - 1). Calculate the greatest common factor of 55 and i.
11
Let x = 93 - 83. What is the highest common divisor of 20 and x?
10
Let a(m) = 19*m - 4. Let x be a(6). Suppose 3*t = -3*p + 255, -2*t + t + x = -4*p. Let j = 19 - 9. What is the highest common factor of j and t?
10
Let d(l) = l**3 - 7*l**2 + 4*l - 1. Let u = 10 - 6. Suppose 3*t - 21 = -u*w, -t + 2*w + 6 = -1. Let k be d(t). Calculate the greatest common divisor of 3 and k.
3
Let f = 0 - -22. Suppose 0*k = k - 5*h - 29, -2*h - 10 = 0. Suppose -5*m = -4*t - 774, -k*t - t + 149 = m. What is the greatest common divisor of m and f?
22
Let x(b) = -b**3 - 3*b + 1 + 3 - 5*b**2 + 1. Let y be x(-4). What is the greatest common factor of 2 and y?
1
Let t(j) = j + 18. Let m be t(-14). Suppose -m*p + 36 = 4. Calculate the greatest common factor of 1 and p.
1
Suppose -3*c + 76 = 5*y, -c + y + 55 = c. Suppose -1 = 2*u - c. What is the greatest common divisor of 52 and u?
13
Suppose 0 = 2*w + 3*w + 10. Let u = 14 + w. Let k = -15 - -23. What is the highest common divisor of k and u?
4
Let v(p) = -p**3 + 3*p**2 + 4*p + 3. Let q be v(-2). Calculate the greatest common factor of 135 and q.
15
Suppose 2*g = -5*w - 6, 2*g = 3*g - w + 3. Let u be ((-12)/8)/(g/28). Suppose -3*h - 6 = t + h, t = h + u. What is the greatest common divisor of t and 2?
2
Let k(h) = -h**3 + 21*h**2 + 23*h - 17. Let l be k(22). What is the highest common factor of l and 15?
5
Suppose 2*v = -t + 108, 3*t + 438 = 7*t + 2*v. Calculate the highest common factor of t and 44.
22
Let j(n) = n + 6. Let u be j(-5). Let w be -2*(14/(-4))/u. Suppose -6 = 4*l - w*l. Calculate the greatest common factor of 16 and l.
2
Let m(w) = -w**3 + 7*w**2 - 7*w + 6. Let o be m(6). Suppose -7*j + 3*j - 5*q + 260 = 0, o = -3*j - 5*q + 195. Calculate the highest common factor of 